{"id":1837,"date":"2021-05-14T14:13:48","date_gmt":"2021-05-14T12:13:48","guid":{"rendered":"https:\/\/tattoo.fr\/?post_type=product&#038;p=1837"},"modified":"2021-05-14T14:44:13","modified_gmt":"2021-05-14T12:44:13","slug":"fatalitas-par-mikael-de-poissy","status":"publish","type":"product","link":"https:\/\/tattoo.fr\/index.php\/produit\/fatalitas-par-mikael-de-poissy\/","title":{"rendered":"Fatalitas par Mika\u00ebl de Poissy"},"content":{"rendered":"<h2>FATALITAS par Mika\u00ebl de Poissy<\/h2>\n<p>Pr\u00e9fac\u00e9 par J\u00e9r\u00f4me Pierrat<\/p>\n<p>Le livre Fatalitas vous propose une belle galerie de gueules cass\u00e9es, portant fi\u00e8rement leurs <strong>bousilles.<\/strong> Ces hommes et ces femmes d\u2019un autre si\u00e8cle ont embrass\u00e9 la fatalit\u00e9 de leur destin. Ce sont des prostitu\u00e9es, des vagabonds, des d\u00e9linquants \u00e0 la petite semaine ou de vrais voyous. Ils sont fich\u00e9s \u00e0 la police et les rousses leur m\u00e8nent la vie dure. Leur famille, ce sont les marginaux comme eux, les tatou\u00e9s, les marqu\u00e9s de la vie.<strong> Fatalit\u00e9,<\/strong> ils n\u2019ont connu que \u00e7a, la mis\u00e8re, la souffrance et la violence. Alors qu\u2019ils devaient tomber dans l\u2019oubli \u00e0 tout jamais, dans l\u2019indiff\u00e9rence d\u2019une soci\u00e9t\u00e9 non taill\u00e9e pour eux, ils se retrouvent \u00e0 l\u2019honneur dans ce bel ouvrage d\u2019un amoureux de la bousille, Mika\u00ebl de Poissy. Le tatoueur et collectionneur vous propose de d\u00e9couvrir les plus jolies pi\u00e8ces de sa collection : des photos rares, des flashs, des coupures de presse, etc.. Un ouvrage pr\u00e9cieux \u00e0 poss\u00e9der dans sa biblioth\u00e8que.<\/p>\n<pre>Format 15 x 21 cm\r\n104 pages \r\nReli\u00e9\r\nDos carr\u00e9 cousu<\/pre>\n","protected":false},"excerpt":{"rendered":"<p>Le livre Fatalitas vous propose une belle galerie de gueules cass\u00e9es, portant fi\u00e8rement leurs bousilles. &hellip; <a href=\"https:\/\/tattoo.fr\/index.php\/produit\/fatalitas-par-mikael-de-poissy\/\" class=\"more-link\">Voir plus&#8230;<span class=\"screen-reader-text\">Fatalitas par Mika\u00ebl de Poissy<\/span><\/a><\/p>\n","protected":false},"featured_media":1858,"comment_status":"open","ping_status":"closed","template":"","meta":[],"product_cat":[229],"product_tag":[237,238,239,240,241,242],"_links":{"self":[{"href":"https:\/\/tattoo.fr\/index.php\/wp-json\/wp\/v2\/product\/1837"}],"collection":[{"href":"https:\/\/tattoo.fr\/index.php\/wp-json\/wp\/v2\/product"}],"about":[{"href":"https:\/\/tattoo.fr\/index.php\/wp-json\/wp\/v2\/types\/product"}],"replies":[{"embeddable":true,"href":"https:\/\/tattoo.fr\/index.php\/wp-json\/wp\/v2\/comments?post=1837"}],"wp:featuredmedia":[{"embeddable":true,"href":"https:\/\/tattoo.fr\/index.php\/wp-json\/wp\/v2\/media\/1858"}],"wp:attachment":[{"href":"https:\/\/tattoo.fr\/index.php\/wp-json\/wp\/v2\/media?parent=1837"}],"wp:term":[{"taxonomy":"product_cat","embeddable":true,"href":"https:\/\/tattoo.fr\/index.php\/wp-json\/wp\/v2\/product_cat?post=1837"},{"taxonomy":"product_tag","embeddable":true,"href":"https:\/\/tattoo.fr\/index.php\/wp-json\/wp\/v2\/product_tag?post=1837"}],"curies":[{"name":"wp","href":"https:\/\/api.w.org\/{rel}","templated":true}]}}