{"id":2,"date":"2020-03-21T17:57:21","date_gmt":"2020-03-21T16:57:21","guid":{"rendered":"http:\/\/tattoo.fr\/?page_id=2"},"modified":"2021-05-14T15:13:49","modified_gmt":"2021-05-14T13:13:49","slug":"bio","status":"publish","type":"page","link":"https:\/\/tattoo.fr\/index.php\/bio\/","title":{"rendered":"Le tatoueur"},"content":{"rendered":"<div class=\"wp-block-group\"><div class=\"wp-block-group__inner-container is-layout-flow wp-block-group-is-layout-flow\"><div class=\"wp-block-media-text alignwide is-stacked-on-mobile\"><figure class=\"wp-block-media-text__media\"><img loading=\"lazy\" decoding=\"async\" width=\"300\" height=\"300\" src=\"https:\/\/tattoo.fr\/wp-content\/uploads\/2020\/03\/Mikae\u0308l-de-Poissy-1-300x300.jpg\" alt=\"\" class=\"wp-image-1294 size-full\" srcset=\"https:\/\/tattoo.fr\/wp-content\/uploads\/2020\/03\/Mikae\u0308l-de-Poissy-1-300x300.jpg 300w, https:\/\/tattoo.fr\/wp-content\/uploads\/2020\/03\/Mikae\u0308l-de-Poissy-1-100x100.jpg 100w, https:\/\/tattoo.fr\/wp-content\/uploads\/2020\/03\/Mikae\u0308l-de-Poissy-1-150x150.jpg 150w, https:\/\/tattoo.fr\/wp-content\/uploads\/2020\/03\/Mikae\u0308l-de-Poissy-1-768x767.jpg 768w, https:\/\/tattoo.fr\/wp-content\/uploads\/2020\/03\/Mikae\u0308l-de-Poissy-1-80x80.jpg 80w, https:\/\/tattoo.fr\/wp-content\/uploads\/2020\/03\/Mikae\u0308l-de-Poissy-1-144x144.jpg 144w, https:\/\/tattoo.fr\/wp-content\/uploads\/2020\/03\/Mikae\u0308l-de-Poissy-1.jpg 960w\" sizes=\"(max-width: 300px) 100vw, 300px\" \/><\/figure><div class=\"wp-block-media-text__content\"><p class=\"has-drop-cap has-normal-font-size\">Mikael de Poissy, 45 ans, est un tatoueur fran\u00e7ais mondialement reconnu pour son style vitrail. Novateur, l\u2019artiste habille le corps de ses clients avec des sc\u00e8nes m\u00e9di\u00e9vales color\u00e9es et parfois surr\u00e9alistes. Avec cr\u00e9ativit\u00e9, Mikael se pla\u00eet \u00e0 m\u00e9langer l\u2019iconographie m\u00e9di\u00e9vale et l\u2019art japonais traditionnel pour aboutir \u00e0 un style audacieux.<\/p><\/div><\/div>\n\n<p>Le tatoueur a l\u2019\u0153il affut\u00e9 et pour cause, il a une formation de photographe. Gr\u00e2ce \u00e0 la photo, il d\u00e9couvre le tatouage en 1990. \u00c0 Londres, l\u2019adolescent de 16 ans rend visite au tatoueur Dennis Cockell. Le minot a les yeux qui brillent. Il tombe amoureux de l\u2019art bigarr\u00e9.<\/p><\/div><\/div><div style=\"height:30px\" aria-hidden=\"true\" class=\"wp-block-spacer\"><\/div><div class=\"wp-block-jetpack-tiled-gallery aligncenter is-style-rectangular has-rounded-corners-9\"><div class=\"tiled-gallery__gallery\"><div class=\"tiled-gallery__row\"><div class=\"tiled-gallery__col\" style=\"flex-basis:33.64025%\"><figure class=\"tiled-gallery__item\"><a href=\"https:\/\/i1.wp.com\/tattoo.fr\/wp-content\/uploads\/2020\/03\/SAK-YAN-Aquarelle-et-feuille-dor-sur-canson-153-cm-x-73-cm-.jpg?ssl=1\"><img decoding=\"async\" alt=\"\" data-height=\"2081\" data-id=\"1226\" data-link=\"https:\/\/tattoo.fr\/index.php\/400-2\/\" data-url=\"https:\/\/tattoo.fr\/wp-content\/uploads\/2020\/03\/SAK-YAN-Aquarelle-et-feuille-dor-sur-canson-153-cm-x-73-cm-.jpg\" data-width=\"1000\" src=\"https:\/\/i1.wp.com\/tattoo.fr\/wp-content\/uploads\/2020\/03\/SAK-YAN-Aquarelle-et-feuille-dor-sur-canson-153-cm-x-73-cm-.jpg?ssl=1\" data-amp-layout=\"responsive\"\/><\/a><\/figure><\/div><div class=\"tiled-gallery__col\" style=\"flex-basis:32.97577%\"><figure class=\"tiled-gallery__item\"><a href=\"https:\/\/i0.wp.com\/tattoo.fr\/wp-content\/uploads\/2020\/03\/odoroki-copie-2.jpg?ssl=1\"><img decoding=\"async\" alt=\"\" data-height=\"2123\" data-id=\"1225\" data-link=\"https:\/\/tattoo.fr\/index.php\/odoroki-copie-2\/\" data-url=\"https:\/\/tattoo.fr\/wp-content\/uploads\/2020\/03\/odoroki-copie-2.jpg\" data-width=\"1000\" src=\"https:\/\/i0.wp.com\/tattoo.fr\/wp-content\/uploads\/2020\/03\/odoroki-copie-2.jpg?ssl=1\" data-amp-layout=\"responsive\"\/><\/a><\/figure><\/div><div class=\"tiled-gallery__col\" style=\"flex-basis:33.38398%\"><figure class=\"tiled-gallery__item\"><a href=\"https:\/\/i2.wp.com\/tattoo.fr\/wp-content\/uploads\/2020\/03\/NAKAMA-Aquarelle-et-feuille-dor-sur-canson-153-cm-x-73-cm-.jpg?ssl=1\"><img decoding=\"async\" alt=\"\" data-height=\"2097\" data-id=\"1224\" data-link=\"https:\/\/tattoo.fr\/index.php\/nakama-aquarelle-et-feuille-dor-sur-canson-153-cm-x-73-cm\/\" data-url=\"https:\/\/tattoo.fr\/wp-content\/uploads\/2020\/03\/NAKAMA-Aquarelle-et-feuille-dor-sur-canson-153-cm-x-73-cm-.jpg\" data-width=\"1000\" src=\"https:\/\/i2.wp.com\/tattoo.fr\/wp-content\/uploads\/2020\/03\/NAKAMA-Aquarelle-et-feuille-dor-sur-canson-153-cm-x-73-cm-.jpg?ssl=1\" data-amp-layout=\"responsive\"\/><\/a><\/figure><\/div><\/div><\/div><\/div><div style=\"height:30px\" aria-hidden=\"true\" class=\"wp-block-spacer\"><\/div><h2 class=\"wp-block-heading\">L&rsquo;\u00e9poque Marcel<\/h2><p class=\"has-drop-cap\">En 1991, Mikael se rend chez Marcel, le c\u00e9l\u00e8bre tatoueur parisien. Il veut r\u00e9aliser un reportage photo dans sa boutique, rue Legendre. \u00c0 cette \u00e9poque, on n\u2019entre pas dans une boutique de tatouage comme dans une \u00e9picerie. Il faut un projet concret et un minimum d\u2019assurance. Ambiance tripot, musique de Johnny Cash, Marcel le re\u00e7oit, clope au bec. Seule l\u2019odeur du Dettol, d\u00e9sinfectant, donne un indice sur les bonnes pratiques, en mati\u00e8re d\u2019hygi\u00e8ne, du patron de la boutique. Un an plus tard, Mikael se fait encrer par l\u2019illustre tatoueur. Il devient enfin un bleu, un dur, un tatou\u00e9\u2009! Le bruit de la machine et ces odeurs particuli\u00e8res le marquent d\u00e9finitivement. C\u2019est d\u00e9cid\u00e9, il sera tatoueur\u2009!<\/p><p>En 1993, Mikael commence \u00e0 tatouer\u2009! Il a alors 19 ans. Il ach\u00e8te du matos chez Bruno de Pigalle, le premier tatoueur \u00e0 vendre du mat\u00e9riel en shop. Comme beaucoup d\u2019artistes, Mikael s\u2019entra\u00eene chez lui \u00e0 Poissy. Dou\u00e9 pour le maniement du dermographe, il rejoint Dimitri HK en 1994. Apr\u00e8s deux ann\u00e9es pass\u00e9es \u00e0 Saint-Germain-en-Laye il reprend le stand de Pierre-Jean \u00e0 Clignancourt, en janvier 1996. Il y encre les peaux durant 8 ans.<\/p><p>C\u2019est dans les m\u00e9andres des c\u00e9l\u00e8bres puces qu\u2019il d\u00e9couvre les premi\u00e8res pi\u00e8ces de \u00ab\u2009The french Tattoo Museum\u2009\u00bb. Mikael aime chiner. Il chope la collectionnite aigu\u00eb d\u00e8s l\u2019\u00e2ge de 6 ans, c\u2019est dire\u2009! \u00c0 l\u2019\u00e9poque, ce sont plut\u00f4t les stickers t\u00eate-de-mort de Malabar. L\u00e0, il trouve des pi\u00e8ces exceptionnelles sur l\u2019histoire du tatouage fran\u00e7ais. Pendant 25 ans, il va traquer les pi\u00e8ces rares pour constituer une collection unique en son genre.<\/p><div style=\"height:30px\" aria-hidden=\"true\" class=\"wp-block-spacer\"><\/div><p><img loading=\"lazy\" decoding=\"async\" width=\"1000\" height=\"667\" src=\"https:\/\/tattoo.fr\/wp-content\/uploads\/2020\/03\/Mikael\u00a9L.Beylot-13.jpg\" alt=\"\" class=\"wp-image-1235\" srcset=\"https:\/\/tattoo.fr\/wp-content\/uploads\/2020\/03\/Mikael\u00a9L.Beylot-13.jpg 1000w, https:\/\/tattoo.fr\/wp-content\/uploads\/2020\/03\/Mikael\u00a9L.Beylot-13-300x200.jpg 300w, https:\/\/tattoo.fr\/wp-content\/uploads\/2020\/03\/Mikael\u00a9L.Beylot-13-768x512.jpg 768w\" sizes=\"(max-width: 1000px) 100vw, 1000px\" \/><\/p><div style=\"height:30px\" aria-hidden=\"true\" class=\"wp-block-spacer\"><\/div><h2 class=\"wp-block-heading\">Arts m\u00e9di\u00e9vaux<\/h2><p class=\"has-drop-cap\">En 2002, il revient au bercail, \u00e0 Poissy. Les arts du moyen-\u00e2ge nourrissent alors sa cr\u00e9ativit\u00e9. En 2010, son fameux triptyque de dos tatou\u00e9s fait exploser sa cote de popularit\u00e9. Il devient le c\u00e9l\u00e8bre tatoueur fran\u00e7ais au style vitrail. Il affine sa patte et s\u2019internationalise. Il participe alors \u00e0 de nombreuses conventions. Il est invit\u00e9 \u00e0 s\u2019exprimer sur son art dans les magazines comme TatuArte, Tatouage Magazine, Total Tattoo, Tattoo Energy, etc. Il collabore \u00e0 plusieurs publications comme Tattoo &amp; religion d&rsquo; Paul-Henri Campbell ou The World Atlas of Tattoo d&rsquo;<a href=\"https:\/\/tattoohistorian.com\/about\/\">Anna F\u00e9licity Friedman<\/a>. Il se sent pr\u00eat \u00e0 d\u00e9voiler ses peintures et ses aquarelles. Il participe et expose son travail \u00e0 des exhibitions comme <a href=\"https:\/\/www.heyheyhey.fr\/fr\/\">Hey<\/a>.<\/p><p>Cette exposition m\u00e9diatique le pousse \u00e0 repr\u00e9senter au mieux l\u2019art du tatouage fran\u00e7ais. En janvier 2017, il reprend alors les r\u00eanes de Tatouage Magazine avec J\u00e9r\u00f4me Pierrat. Son \u0153il d\u2019artiste tatoueur est une valeur ajout\u00e9e au magazine. D\u2019ailleurs, ses collections se retrouvent r\u00e9guli\u00e8rement dans les pages culture.<\/p><p>En 2019, il d\u00e9cide de valoriser le patrimoine de l\u2019art du tatouage fran\u00e7ais en r\u00e9v\u00e9lant au public le <a rel=\"noreferrer noopener\" href=\"https:\/\/tattoo.fr\/index.php\/french-tattoo-museum\/\" target=\"_blank\">French Tattoo Museum<\/a>\u2009!<\/p><div style=\"height:30px\" aria-hidden=\"true\" class=\"wp-block-spacer\"><\/div><p><img loading=\"lazy\" decoding=\"async\" width=\"734\" height=\"1024\" src=\"https:\/\/tattoo.fr\/wp-content\/uploads\/2020\/03\/SEL0117-2-copie-734x1024.jpg\" alt=\"\" class=\"wp-image-1174\" srcset=\"https:\/\/tattoo.fr\/wp-content\/uploads\/2020\/03\/SEL0117-2-copie-734x1024.jpg 734w, https:\/\/tattoo.fr\/wp-content\/uploads\/2020\/03\/SEL0117-2-copie-300x419.jpg 300w, https:\/\/tattoo.fr\/wp-content\/uploads\/2020\/03\/SEL0117-2-copie-215x300.jpg 215w, https:\/\/tattoo.fr\/wp-content\/uploads\/2020\/03\/SEL0117-2-copie-768x1072.jpg 768w, https:\/\/tattoo.fr\/wp-content\/uploads\/2020\/03\/SEL0117-2-copie-1101x1536.jpg 1101w, https:\/\/tattoo.fr\/wp-content\/uploads\/2020\/03\/SEL0117-2-copie.jpg 1383w\" sizes=\"(max-width: 734px) 100vw, 734px\" \/><\/p>","protected":false},"excerpt":{"rendered":"<p><a href=\"https:\/\/tattoo.fr\/index.php\/bio\/\" class=\"more-link\">Voir plus&#8230;<span class=\"screen-reader-text\">Le tatoueur<\/span><\/a><\/p>\n","protected":false},"author":1,"featured_media":1603,"parent":0,"menu_order":0,"comment_status":"closed","ping_status":"closed","template":"page_r.php","meta":{"footnotes":""},"_links":{"self":[{"href":"https:\/\/tattoo.fr\/index.php\/wp-json\/wp\/v2\/pages\/2"}],"collection":[{"href":"https:\/\/tattoo.fr\/index.php\/wp-json\/wp\/v2\/pages"}],"about":[{"href":"https:\/\/tattoo.fr\/index.php\/wp-json\/wp\/v2\/types\/page"}],"author":[{"embeddable":true,"href":"https:\/\/tattoo.fr\/index.php\/wp-json\/wp\/v2\/users\/1"}],"replies":[{"embeddable":true,"href":"https:\/\/tattoo.fr\/index.php\/wp-json\/wp\/v2\/comments?post=2"}],"version-history":[{"count":52,"href":"https:\/\/tattoo.fr\/index.php\/wp-json\/wp\/v2\/pages\/2\/revisions"}],"predecessor-version":[{"id":1878,"href":"https:\/\/tattoo.fr\/index.php\/wp-json\/wp\/v2\/pages\/2\/revisions\/1878"}],"wp:featuredmedia":[{"embeddable":true,"href":"https:\/\/tattoo.fr\/index.php\/wp-json\/wp\/v2\/media\/1603"}],"wp:attachment":[{"href":"https:\/\/tattoo.fr\/index.php\/wp-json\/wp\/v2\/media?parent=2"}],"curies":[{"name":"wp","href":"https:\/\/api.w.org\/{rel}","templated":true}]}}

<div class="wp-block-group"><div class="wp-block-group__inner-container is-layout-flow wp-block-group-is-layout-flow"><div class="wp-block-media-text alignwide is-stacked-on-mobile"><figure class="wp-block-media-text__media"><img loading="lazy" decoding="async" width="300" height="300" src="https://tattoo.fr/wp-content/uploads/2020/03/Mikaël-de-Poissy-1-300x300.jpg" alt="" class="wp-image-1294 size-full" srcset="https://tattoo.fr/wp-content/uploads/2020/03/Mikaël-de-Poissy-1-300x300.jpg 300w, https://tattoo.fr/wp-content/uploads/2020/03/Mikaël-de-Poissy-1-100x100.jpg 100w, https://tattoo.fr/wp-content/uploads/2020/03/Mikaël-de-Poissy-1-150x150.jpg 150w, https://tattoo.fr/wp-content/uploads/2020/03/Mikaël-de-Poissy-1-768x767.jpg 768w, https://tattoo.fr/wp-content/uploads/2020/03/Mikaël-de-Poissy-1-80x80.jpg 80w, https://tattoo.fr/wp-content/uploads/2020/03/Mikaël-de-Poissy-1-144x144.jpg 144w, https://tattoo.fr/wp-content/uploads/2020/03/Mikaël-de-Poissy-1.jpg 960w" sizes="(max-width: 300px) 100vw, 300px" /></figure><div class="wp-block-media-text__content"><p class="has-drop-cap has-normal-font-size">Mikael de Poissy, 45 ans, est un tatoueur français mondialement reconnu pour son style vitrail. Novateur, l’artiste habille le corps de ses clients avec des scènes médiévales colorées et parfois surréalistes. Avec créativité, Mikael se plaît à mélanger l’iconographie médiévale et l’art japonais traditionnel pour aboutir à un style audacieux.</p></div></div>

<p>Le tatoueur a l’œil affuté et pour cause, il a une formation de photographe. Grâce à la photo, il découvre le tatouage en 1990. À Londres, l’adolescent de 16 ans rend visite au tatoueur Dennis Cockell. Le minot a les yeux qui brillent. Il tombe amoureux de l’art bigarré.</p></div></div><div style="height:30px" aria-hidden="true" class="wp-block-spacer"></div><div class="wp-block-jetpack-tiled-gallery aligncenter is-style-rectangular has-rounded-corners-9"><div class="tiled-gallery__gallery"><div class="tiled-gallery__row"><div class="tiled-gallery__col" style="flex-basis:33.64025%"><figure class="tiled-gallery__item"><a href="https://i1.wp.com/tattoo.fr/wp-content/uploads/2020/03/SAK-YAN-Aquarelle-et-feuille-dor-sur-canson-153-cm-x-73-cm-.jpg?ssl=1"><img decoding="async" alt="" data-height="2081" data-id="1226" data-link="https://tattoo.fr/index.php/400-2/" data-url="https://tattoo.fr/wp-content/uploads/2020/03/SAK-YAN-Aquarelle-et-feuille-dor-sur-canson-153-cm-x-73-cm-.jpg" data-width="1000" src="https://i1.wp.com/tattoo.fr/wp-content/uploads/2020/03/SAK-YAN-Aquarelle-et-feuille-dor-sur-canson-153-cm-x-73-cm-.jpg?ssl=1" data-amp-layout="responsive"/></a></figure></div><div class="tiled-gallery__col" style="flex-basis:32.97577%"><figure class="tiled-gallery__item"><a href="https://i0.wp.com/tattoo.fr/wp-content/uploads/2020/03/odoroki-copie-2.jpg?ssl=1"><img decoding="async" alt="" data-height="2123" data-id="1225" data-link="https://tattoo.fr/index.php/odoroki-copie-2/" data-url="https://tattoo.fr/wp-content/uploads/2020/03/odoroki-copie-2.jpg" data-width="1000" src="https://i0.wp.com/tattoo.fr/wp-content/uploads/2020/03/odoroki-copie-2.jpg?ssl=1" data-amp-layout="responsive"/></a></figure></div><div class="tiled-gallery__col" style="flex-basis:33.38398%"><figure class="tiled-gallery__item"><a href="https://i2.wp.com/tattoo.fr/wp-content/uploads/2020/03/NAKAMA-Aquarelle-et-feuille-dor-sur-canson-153-cm-x-73-cm-.jpg?ssl=1"><img decoding="async" alt="" data-height="2097" data-id="1224" data-link="https://tattoo.fr/index.php/nakama-aquarelle-et-feuille-dor-sur-canson-153-cm-x-73-cm/" data-url="https://tattoo.fr/wp-content/uploads/2020/03/NAKAMA-Aquarelle-et-feuille-dor-sur-canson-153-cm-x-73-cm-.jpg" data-width="1000" src="https://i2.wp.com/tattoo.fr/wp-content/uploads/2020/03/NAKAMA-Aquarelle-et-feuille-dor-sur-canson-153-cm-x-73-cm-.jpg?ssl=1" data-amp-layout="responsive"/></a></figure></div></div></div></div><div style="height:30px" aria-hidden="true" class="wp-block-spacer"></div><h2 class="wp-block-heading">L&rsquo;époque Marcel</h2><p class="has-drop-cap">En 1991, Mikael se rend chez Marcel, le célèbre tatoueur parisien. Il veut réaliser un reportage photo dans sa boutique, rue Legendre. À cette époque, on n’entre pas dans une boutique de tatouage comme dans une épicerie. Il faut un projet concret et un minimum d’assurance. Ambiance tripot, musique de Johnny Cash, Marcel le reçoit, clope au bec. Seule l’odeur du Dettol, désinfectant, donne un indice sur les bonnes pratiques, en matière d’hygiène, du patron de la boutique. Un an plus tard, Mikael se fait encrer par l’illustre tatoueur. Il devient enfin un bleu, un dur, un tatoué ! Le bruit de la machine et ces odeurs particulières le marquent définitivement. C’est décidé, il sera tatoueur !</p><p>En 1993, Mikael commence à tatouer ! Il a alors 19 ans. Il achète du matos chez Bruno de Pigalle, le premier tatoueur à vendre du matériel en shop. Comme beaucoup d’artistes, Mikael s’entraîne chez lui à Poissy. Doué pour le maniement du dermographe, il rejoint Dimitri HK en 1994. Après deux années passées à Saint-Germain-en-Laye il reprend le stand de Pierre-Jean à Clignancourt, en janvier 1996. Il y encre les peaux durant 8 ans.</p><p>C’est dans les méandres des célèbres puces qu’il découvre les premières pièces de « The french Tattoo Museum ». Mikael aime chiner. Il chope la collectionnite aiguë dès l’âge de 6 ans, c’est dire ! À l’époque, ce sont plutôt les stickers tête-de-mort de Malabar. Là, il trouve des pièces exceptionnelles sur l’histoire du tatouage français. Pendant 25 ans, il va traquer les pièces rares pour constituer une collection unique en son genre.</p><div style="height:30px" aria-hidden="true" class="wp-block-spacer"></div><p><img loading="lazy" decoding="async" width="1000" height="667" src="https://tattoo.fr/wp-content/uploads/2020/03/Mikael©L.Beylot-13.jpg" alt="" class="wp-image-1235" srcset="https://tattoo.fr/wp-content/uploads/2020/03/Mikael©L.Beylot-13.jpg 1000w, https://tattoo.fr/wp-content/uploads/2020/03/Mikael©L.Beylot-13-300x200.jpg 300w, https://tattoo.fr/wp-content/uploads/2020/03/Mikael©L.Beylot-13-768x512.jpg 768w" sizes="(max-width: 1000px) 100vw, 1000px" /></p><div style="height:30px" aria-hidden="true" class="wp-block-spacer"></div><h2 class="wp-block-heading">Arts médiévaux</h2><p class="has-drop-cap">En 2002, il revient au bercail, à Poissy. Les arts du moyen-âge nourrissent alors sa créativité. En 2010, son fameux triptyque de dos tatoués fait exploser sa cote de popularité. Il devient le célèbre tatoueur français au style vitrail. Il affine sa patte et s’internationalise. Il participe alors à de nombreuses conventions. Il est invité à s’exprimer sur son art dans les magazines comme TatuArte, Tatouage Magazine, Total Tattoo, Tattoo Energy, etc. Il collabore à plusieurs publications comme Tattoo &amp; religion d&rsquo; Paul-Henri Campbell ou The World Atlas of Tattoo d&rsquo;<a href="https://tattoohistorian.com/about/">Anna Félicity Friedman</a>. Il se sent prêt à dévoiler ses peintures et ses aquarelles. Il participe et expose son travail à des exhibitions comme <a href="https://www.heyheyhey.fr/fr/">Hey</a>.</p><p>Cette exposition médiatique le pousse à représenter au mieux l’art du tatouage français. En janvier 2017, il reprend alors les rênes de Tatouage Magazine avec Jérôme Pierrat. Son œil d’artiste tatoueur est une valeur ajoutée au magazine. D’ailleurs, ses collections se retrouvent régulièrement dans les pages culture.</p><p>En 2019, il décide de valoriser le patrimoine de l’art du tatouage français en révélant au public le <a rel="noreferrer noopener" href="https://tattoo.fr/index.php/french-tattoo-museum/" target="_blank">French Tattoo Museum</a> !</p><div style="height:30px" aria-hidden="true" class="wp-block-spacer"></div><p><img loading="lazy" decoding="async" width="734" height="1024" src="https://tattoo.fr/wp-content/uploads/2020/03/SEL0117-2-copie-734x1024.jpg" alt="" class="wp-image-1174" srcset="https://tattoo.fr/wp-content/uploads/2020/03/SEL0117-2-copie-734x1024.jpg 734w, https://tattoo.fr/wp-content/uploads/2020/03/SEL0117-2-copie-300x419.jpg 300w, https://tattoo.fr/wp-content/uploads/2020/03/SEL0117-2-copie-215x300.jpg 215w, https://tattoo.fr/wp-content/uploads/2020/03/SEL0117-2-copie-768x1072.jpg 768w, https://tattoo.fr/wp-content/uploads/2020/03/SEL0117-2-copie-1101x1536.jpg 1101w, https://tattoo.fr/wp-content/uploads/2020/03/SEL0117-2-copie.jpg 1383w" sizes="(max-width: 734px) 100vw, 734px" /></p>
